{"id":280,"date":"2016-10-29T08:53:50","date_gmt":"2016-10-29T08:53:50","guid":{"rendered":"http:\/\/tischlerei-dell-missier.de\/?page_id=280"},"modified":"2016-10-29T09:23:33","modified_gmt":"2016-10-29T09:23:33","slug":"partner","status":"publish","type":"page","link":"https:\/\/tischlerei-dell-missier.de\/?page_id=280","title":{"rendered":"Partner"},"content":{"rendered":"<p>[et_pb_section admin_label=&#8220;Sektion&#8220; fullwidth=&#8220;on&#8220; specialty=&#8220;off&#8220;][et_pb_fullwidth_image admin_label=&#8220;Volle Breite des Bildes&#8220; src=&#8220;http:\/\/tischlerei-dell-missier.de\/wp-content\/uploads\/2016\/05\/logokomplett-2.jpg&#8220; show_in_lightbox=&#8220;off&#8220; url_new_window=&#8220;off&#8220; use_overlay=&#8220;off&#8220; animation=&#8220;fade_in&#8220; use_border_color=&#8220;off&#8220; border_color=&#8220;#ffffff&#8220; border_style=&#8220;solid&#8220;] [\/et_pb_fullwidth_image][\/et_pb_section][et_pb_section admin_label=&#8220;section&#8220;][et_pb_row admin_label=&#8220;row&#8220;][et_pb_column type=&#8220;4_4&#8243;][et_pb_text admin_label=&#8220;Text&#8220; background_layout=&#8220;light&#8220; text_orientation=&#8220;left&#8220; use_border_color=&#8220;off&#8220; border_color=&#8220;#ffffff&#8220; border_style=&#8220;solid&#8220;]<\/p>\n<h4><strong>Partner<\/strong><\/h4>\n<p>Ohne Gesch\u00e4ftspartner geht es nicht. Wir sind stolz auf die gute Zusammenarbeit.<\/p>\n<p>[\/et_pb_text][\/et_pb_column][\/et_pb_row][\/et_pb_section][et_pb_section admin_label=&#8220;Sektion&#8220; fullwidth=&#8220;off&#8220; specialty=&#8220;off&#8220;][et_pb_row admin_label=&#8220;Zeile&#8220;][et_pb_column type=&#8220;4_4&#8243;][et_pb_text admin_label=&#8220;Text&#8220; background_layout=&#8220;light&#8220; text_orientation=&#8220;left&#8220; use_border_color=&#8220;off&#8220; border_color=&#8220;#ffffff&#8220; border_style=&#8220;solid&#8220;]<\/p>\n<hr \/>\n<p><a href=\"http:\/\/www.maus-bau-amrum.de\" target=\"_blank\"><img loading=\"lazy\" decoding=\"async\" class=\"alignnone size-full wp-image-281\" src=\"http:\/\/tischlerei-dell-missier.de\/wp-content\/uploads\/2016\/10\/logomaus.jpg\" alt=\"logomaus\" width=\"200\" height=\"94\" \/><\/a>\u00a0Unser Partner hier auf der Insel, mit dem wir schon viele sch\u00f6ne H\u00e4user realisiert haben.<\/p>\n<hr \/>\n<p><a href=\"http:\/\/www.m-jensen.de\" target=\"_blank\"><img loading=\"lazy\" decoding=\"async\" class=\"alignnone size-full wp-image-287\" src=\"http:\/\/tischlerei-dell-missier.de\/wp-content\/uploads\/2016\/10\/logomjensen.jpg\" alt=\"logomjensen\" width=\"200\" height=\"57\" \/><\/a>\u00a0Unser Partner von der Nachbarinsel. Wir bauen gemeinsam Treppen und Fenster.<\/p>\n<hr \/>\n<p><a href=\"http:\/\/www.topf-online.de\/index.php\" target=\"_blank\"><img loading=\"lazy\" decoding=\"async\" class=\"alignnone size-full wp-image-288\" src=\"http:\/\/tischlerei-dell-missier.de\/wp-content\/uploads\/2016\/10\/logotopf.jpg\" alt=\"logotopf\" width=\"200\" height=\"73\" \/><\/a>Die Firma Topf aus Husum liefert zuverl\u00e4ssig Beschl\u00e4ge in h\u00f6chster Qualit\u00e4t.<\/p>\n<hr \/>\n<p><a href=\"http:\/\/www.fries24.de\/service\/downloads\/t\u00fcren\" target=\"_blank\"><img loading=\"lazy\" decoding=\"async\" class=\"alignnone size-full wp-image-289\" src=\"http:\/\/tischlerei-dell-missier.de\/wp-content\/uploads\/2016\/10\/logofries.jpg\" alt=\"logofries\" width=\"200\" height=\"49\" \/><\/a>\u00a0Die Firma Fries liefert uns die Innent\u00fcren. Hier k\u00f6nnen Sie aus einem breiten Angebot w\u00e4hlen.<\/p>\n<p>[\/et_pb_text][\/et_pb_column][\/et_pb_row][\/et_pb_section]<\/p>\n","protected":false},"excerpt":{"rendered":"<p>Partner Ohne Gesch\u00e4ftspartner geht es nicht. Wir sind stolz auf die gute Zusammenarbeit. \u00a0Unser Partner hier auf der Insel, mit dem wir schon viele sch\u00f6ne H\u00e4user realisiert haben. \u00a0Unser Partner von der Nachbarinsel. Wir bauen gemeinsam Treppen und Fenster. Die Firma Topf aus Husum liefert zuverl\u00e4ssig Beschl\u00e4ge in h\u00f6chster Qualit\u00e4t. \u00a0Die Firma Fries liefert uns [&hellip;]<\/p>\n","protected":false},"author":1,"featured_media":0,"parent":0,"menu_order":0,"comment_status":"closed","ping_status":"open","template":"","meta":{"_et_pb_use_builder":"on","_et_pb_old_content":"<p>This is an example page. It's different from a blog post because it will stay in one place and will show up in your site navigation (in most themes). Most people start with an About page that introduces them to potential site visitors. It might say something like this:<\/p><blockquote><p>Hi there! I'm a bike messenger by day, aspiring actor by night, and this is my website. I live in Los Angeles, have a great dog named Jack, and I like pi\u00f1a coladas. (And gettin' caught in the rain.)<\/p><\/blockquote><p>...or something like this:<\/p><blockquote><p>The XYZ Doohickey Company was founded in 1971, and has been providing quality doohickeys to the public ever since. Located in Gotham City, XYZ employs over 2,000 people and does all kinds of awesome things for the Gotham community.<\/p><\/blockquote><p>As a new WordPress user, you should go to <a href=\"http:\/\/wp452m.a10-52-158-154.qa.plesk.ru\/wordpress\/wp-admin\/\">your dashboard<\/a> to delete this page and create new pages for your content. Have fun!<\/p>","_et_gb_content_width":"","footnotes":""},"yoast_head":"<!-- This site is optimized with the Yoast SEO plugin v20.2.1 - https:\/\/yoast.com\/wordpress\/plugins\/seo\/ -->\n<title>Partner - Tischlerei Dell-Missier Amrum<\/title>\n<meta name=\"robots\" content=\"index, follow, max-snippet:-1, max-image-preview:large, max-video-preview:-1\" \/>\n<link rel=\"canonical\" href=\"https:\/\/tischlerei-dell-missier.de\/?page_id=280\" \/>\n<meta property=\"og:locale\" content=\"de_DE\" \/>\n<meta property=\"og:type\" content=\"article\" \/>\n<meta property=\"og:title\" content=\"Partner - Tischlerei Dell-Missier Amrum\" \/>\n<meta property=\"og:description\" content=\"Partner Ohne Gesch\u00e4ftspartner geht es nicht. Wir sind stolz auf die gute Zusammenarbeit. \u00a0Unser Partner hier auf der Insel, mit dem wir schon viele sch\u00f6ne H\u00e4user realisiert haben. \u00a0Unser Partner von der Nachbarinsel. Wir bauen gemeinsam Treppen und Fenster. Die Firma Topf aus Husum liefert zuverl\u00e4ssig Beschl\u00e4ge in h\u00f6chster Qualit\u00e4t. \u00a0Die Firma Fries liefert uns [&hellip;]\" \/>\n<meta property=\"og:url\" content=\"https:\/\/tischlerei-dell-missier.de\/?page_id=280\" \/>\n<meta property=\"og:site_name\" content=\"Tischlerei Dell-Missier Amrum\" \/>\n<meta property=\"article:modified_time\" content=\"2016-10-29T09:23:33+00:00\" \/>\n<meta property=\"og:image\" content=\"http:\/\/tischlerei-dell-missier.de\/wp-content\/uploads\/2016\/10\/logomaus.jpg\" \/>\n<meta name=\"twitter:card\" content=\"summary_large_image\" \/>\n<meta name=\"twitter:label1\" content=\"Gesch\u00e4tzte Lesezeit\" \/>\n\t<meta name=\"twitter:data1\" content=\"1 Minute\" \/>\n<script type=\"application\/ld+json\" class=\"yoast-schema-graph\">{\"@context\":\"https:\/\/schema.org\",\"@graph\":[{\"@type\":\"WebPage\",\"@id\":\"https:\/\/tischlerei-dell-missier.de\/?page_id=280\",\"url\":\"https:\/\/tischlerei-dell-missier.de\/?page_id=280\",\"name\":\"Partner - Tischlerei Dell-Missier Amrum\",\"isPartOf\":{\"@id\":\"https:\/\/tischlerei-dell-missier.de\/#website\"},\"datePublished\":\"2016-10-29T08:53:50+00:00\",\"dateModified\":\"2016-10-29T09:23:33+00:00\",\"breadcrumb\":{\"@id\":\"https:\/\/tischlerei-dell-missier.de\/?page_id=280#breadcrumb\"},\"inLanguage\":\"de-DE\",\"potentialAction\":[{\"@type\":\"ReadAction\",\"target\":[\"https:\/\/tischlerei-dell-missier.de\/?page_id=280\"]}]},{\"@type\":\"BreadcrumbList\",\"@id\":\"https:\/\/tischlerei-dell-missier.de\/?page_id=280#breadcrumb\",\"itemListElement\":[{\"@type\":\"ListItem\",\"position\":1,\"name\":\"Startseite\",\"item\":\"https:\/\/tischlerei-dell-missier.de\/\"},{\"@type\":\"ListItem\",\"position\":2,\"name\":\"Partner\"}]},{\"@type\":\"WebSite\",\"@id\":\"https:\/\/tischlerei-dell-missier.de\/#website\",\"url\":\"https:\/\/tischlerei-dell-missier.de\/\",\"name\":\"Tischlerei Dell-Missier Amrum\",\"description\":\"Tischlerei auf der Nordseeinsel Amrum\",\"potentialAction\":[{\"@type\":\"SearchAction\",\"target\":{\"@type\":\"EntryPoint\",\"urlTemplate\":\"https:\/\/tischlerei-dell-missier.de\/?s={search_term_string}\"},\"query-input\":\"required name=search_term_string\"}],\"inLanguage\":\"de-DE\"}]}<\/script>\n<!-- \/ Yoast SEO plugin. -->","yoast_head_json":{"title":"Partner - Tischlerei Dell-Missier Amrum","robots":{"index":"index","follow":"follow","max-snippet":"max-snippet:-1","max-image-preview":"max-image-preview:large","max-video-preview":"max-video-preview:-1"},"canonical":"https:\/\/tischlerei-dell-missier.de\/?page_id=280","og_locale":"de_DE","og_type":"article","og_title":"Partner - Tischlerei Dell-Missier Amrum","og_description":"Partner Ohne Gesch\u00e4ftspartner geht es nicht. Wir sind stolz auf die gute Zusammenarbeit. \u00a0Unser Partner hier auf der Insel, mit dem wir schon viele sch\u00f6ne H\u00e4user realisiert haben. \u00a0Unser Partner von der Nachbarinsel. Wir bauen gemeinsam Treppen und Fenster. Die Firma Topf aus Husum liefert zuverl\u00e4ssig Beschl\u00e4ge in h\u00f6chster Qualit\u00e4t. \u00a0Die Firma Fries liefert uns [&hellip;]","og_url":"https:\/\/tischlerei-dell-missier.de\/?page_id=280","og_site_name":"Tischlerei Dell-Missier Amrum","article_modified_time":"2016-10-29T09:23:33+00:00","og_image":[{"url":"http:\/\/tischlerei-dell-missier.de\/wp-content\/uploads\/2016\/10\/logomaus.jpg"}],"twitter_card":"summary_large_image","twitter_misc":{"Gesch\u00e4tzte Lesezeit":"1 Minute"},"schema":{"@context":"https:\/\/schema.org","@graph":[{"@type":"WebPage","@id":"https:\/\/tischlerei-dell-missier.de\/?page_id=280","url":"https:\/\/tischlerei-dell-missier.de\/?page_id=280","name":"Partner - Tischlerei Dell-Missier Amrum","isPartOf":{"@id":"https:\/\/tischlerei-dell-missier.de\/#website"},"datePublished":"2016-10-29T08:53:50+00:00","dateModified":"2016-10-29T09:23:33+00:00","breadcrumb":{"@id":"https:\/\/tischlerei-dell-missier.de\/?page_id=280#breadcrumb"},"inLanguage":"de-DE","potentialAction":[{"@type":"ReadAction","target":["https:\/\/tischlerei-dell-missier.de\/?page_id=280"]}]},{"@type":"BreadcrumbList","@id":"https:\/\/tischlerei-dell-missier.de\/?page_id=280#breadcrumb","itemListElement":[{"@type":"ListItem","position":1,"name":"Startseite","item":"https:\/\/tischlerei-dell-missier.de\/"},{"@type":"ListItem","position":2,"name":"Partner"}]},{"@type":"WebSite","@id":"https:\/\/tischlerei-dell-missier.de\/#website","url":"https:\/\/tischlerei-dell-missier.de\/","name":"Tischlerei Dell-Missier Amrum","description":"Tischlerei auf der Nordseeinsel Amrum","potentialAction":[{"@type":"SearchAction","target":{"@type":"EntryPoint","urlTemplate":"https:\/\/tischlerei-dell-missier.de\/?s={search_term_string}"},"query-input":"required name=search_term_string"}],"inLanguage":"de-DE"}]}},"_links":{"self":[{"href":"https:\/\/tischlerei-dell-missier.de\/index.php?rest_route=\/wp\/v2\/pages\/280"}],"collection":[{"href":"https:\/\/tischlerei-dell-missier.de\/index.php?rest_route=\/wp\/v2\/pages"}],"about":[{"href":"https:\/\/tischlerei-dell-missier.de\/index.php?rest_route=\/wp\/v2\/types\/page"}],"author":[{"embeddable":true,"href":"https:\/\/tischlerei-dell-missier.de\/index.php?rest_route=\/wp\/v2\/users\/1"}],"replies":[{"embeddable":true,"href":"https:\/\/tischlerei-dell-missier.de\/index.php?rest_route=%2Fwp%2Fv2%2Fcomments&post=280"}],"version-history":[{"count":8,"href":"https:\/\/tischlerei-dell-missier.de\/index.php?rest_route=\/wp\/v2\/pages\/280\/revisions"}],"predecessor-version":[{"id":293,"href":"https:\/\/tischlerei-dell-missier.de\/index.php?rest_route=\/wp\/v2\/pages\/280\/revisions\/293"}],"wp:attachment":[{"href":"https:\/\/tischlerei-dell-missier.de\/index.php?rest_route=%2Fwp%2Fv2%2Fmedia&parent=280"}],"curies":[{"name":"wp","href":"https:\/\/api.w.org\/{rel}","templated":true}]}}